
True
Is 211019 a composite number?
True
Is 17231 composite?
False
Is 64217 prime?
True
Is 23369 composite?
False
Is 4421 composite?
False
Is 6583 a composite number?
True
Is 28123 prime?
True
Is 135329 a composite number?
False
Is 514 composite?
True
Is 166283 composite?
True
Is 24439 prime?
True
Is 29501 composite?
False
Is 15817 composite?
False
Is 2569 composite?
True
Is 68369 prime?
False
Is 1013227 a prime number?
True
Is 4741 a composite number?
True
Is 73517 a prime number?
True
Is 23099 a prime number?
True
Is 28453 prime?
False
Is 47557 prime?
False
Is 111079 prime?
False
Is 8713 composite?
False
Is 1151537 a prime number?
True
Is 118007 prime?
False
Is 360123 a composite number?
True
Is 427913 a composite number?
False
Is 3093359 a composite number?
False
Is 188229 prime?
False
Is 228895 prime?
False
Is 10299 composite?
True
Is 2287 prime?
True
Is 78803 prime?
True
Is 39085 composite?
True
Is 3115261 a prime number?
True
Is 7901 prime?
True
Is 7993 prime?
True
Is 104281 a composite number?
False
Is 231743 a composite number?
True
Is 10559 composite?
False
Is 8939 a prime number?
False
Is 186551 a prime number?
True
Is 51097 prime?
False
Is 382493 a composite number?
False
Is 92867 prime?
True
Is 1731 prime?
False
Is 1151 composite?
False
Is 451 a composite number?
True
Is 11015 prime?
False
Is 9677 a composite number?
False
Is 375551 prime?
False
Is 521 a prime number?
True
Is 52211 composite?
True
Is 3227 a composite number?
True
Is 1151 a composite number?
False
Is 101627 a composite number?
False
Is 496437 a prime number?
False
Is 10783 a prime number?
False
Is 37403 prime?
False
Is 1779 composite?
True
Is 34691 a composite number?
True
Is 292639 prime?
False
Is 2141989 prime?
False
Is 1073263 composite?
False
Is 20807 prime?
True
Is 99689 composite?
False
Is 11251 a composite number?
False
Is 714307 composite?
True
Is 26921 a prime number?
True
Is 134689 composite?
True
Is 80329 prime?
True
Is 3607 a prime number?
True
Is 42659 composite?
True
Is 95307 a prime number?
False
Is 13369 prime?
False
Is 1683641 composite?
True
Is 8923 a prime number?
True
Is 2053 composite?
False
Is 160307 prime?
False
Is 33149 prime?
True
Is 44015 a composite number?
True
Is 36523 composite?
False
Is 4143 a prime number?
False
Is 87973 a composite number?
False
Is 1331641 prime?
True
Is 789221 prime?
True
Is 143 composite?
True
Is 1439651 prime?
True
Is 836243 a prime number?
True
Is 735397 prime?
False
Is 3153 a prime number?
False
Is 45397 prime?
False
Is 560753 a prime number?
True
Is 348987 a composite number?
True
Is 12187 composite?
True
Is 7039 composite?
False
Is 523193 prime?
False
Is 61779 prime?
False
Is 479 composite?
False
Is 545723 a composite number?
False
Is 3967 a prime number?
True
Is 292777 composite?
False
Is 326437 a prime number?
True
Is 2271001 prime?
True
Is 55871 prime?
True
Is 30241 prime?
True
Is 323759 a prime number?
True
Is 4561 a prime number?
True
Is 170423 prime?
False
Is 112181 a composite number?
False
Is 131837 composite?
False
Is 27893 a prime number?
True
Is 6821 a composite number?
True
Is 2317 composite?
True
Is 483403 a composite number?
True
Is 17513 a prime number?
False
Is 35569 prime?
True
Is 1393 prime?
False
Is 9461 composite?
False
Is 268063 a composite number?
False
Is 49889 composite?
True
Is 176281 prime?
False
Is 127123 composite?
False
Is 41033 a composite number?
True
Is 7453 composite?
True
Is 24257 composite?
True
Is 36101 a prime number?
False
Is 124531 a prime number?
False
Is 17077 a composite number?
False
Is 50459 a composite number?
False
Is 14347 a prime number?
True
Is 6941 composite?
True
Is 241421 composite?
False
Is 471365 prime?
False
Is 1213 a prime number?
True
Is 28283 a composite number?
False
Is 78119 composite?
True
Is 718493 prime?
True
Is 2333 composite?
False
Is 10943 a composite number?
True
Is 11399 a prime number?
True
Is 83089 a composite number?
False
Is 11239 prime?
True
Is 157261 a composite number?
True
Is 527981 composite?
False
Is 5998 a composite number?
True
Is 100583 composite?
True
Is 13811 a composite number?
True
Is 7117 composite?
True
Is 389723 a prime number?
True
Is 1267627 prime?
False
Is 5381 prime?
True
Is 1249921 a prime number?
True
Is 167 composite?
False
Is 21278 composite?
True
Is 6933 composite?
True
Is 139989 composite?
True
Is 361814 a composite number?
True
Is 15017 a composite number?
False
Is 145891 a prime number?
False
Is 7851 a prime number?
False
Is 4903 a composite number?
False
Is 28513 a composite number?
False
Is 5939 prime?
True
Is 228847 a composite number?
False
Is 2806907 a prime number?
True
Is 237959 a composite number?
False
Is 134 a composite number?
True
Is 72073 composite?
False
Is 398933 prime?
True
Is 1888189 a composite number?
False
Is 398887 composite?
False
Is 238705 composite?
True
Is 75821 a prime number?
True
Is 226247 composite?
True
Is 51227 a prime number?
False
Is 10301 composite?
False
Is 24253 composite?
True
Is 532859 composite?
True
Is 218567 a prime number?
False
Is 628249 composite?
True
Is 2762 composite?
True
Is 87853 composite?
False
Is 39281 composite?
True
Is 2063 composite?
False
Is 7453 prime?
False
Is 31219 prime?
True
Is 446863 prime?
True
Is 2051155 a prime number?
False
Is 2062 composite?
True
Is 48883 composite?
False
Is 21683 a composite number?
False
Is 202109 composite?
False
Is 10921 prime?
False
Is 131891 composite?
False
Is 3963565 a composite number?
True
Is 177649 prime?
False
Is 47738 prime?
False
Is 68071 a prime number?
True
Is 685963 prime?
True
Is 73487 a prime number?
False
Is 320759 a composite number?
False
Is 5779 composite?
False
Is 3611 a composite number?
True
Is 90494 a composite number?
True
Is 21151 composite?
True
Is 18743 a prime number?
True
Is 5774555 a prime number?
False
Is 743 prime?
True
Is 58173 a prime number?
False
Is 86429 a prime number?
False
Is 7499 prime?
True
Is 444551 a composite number?
True
Is 731213 composite?
True
Is 52342 a prime number?
False
Is 112498 a prime number?
False
Is 446819 a composite number?
False
Is 12715 composite?
True
Is 229697 composite?
True
Is 26369 composite?
True
Is 36485 prime?
False
Is 679 a composite number?
True
Is 38371 prime?
True
Is 387371 prime?
True
Is 13315 a prime number?
False
Is 1283 composite?
False
Is 50357 a composite number?
True
Is 67159 prime?
False
Is 144341 a prime number?
True
Is 25657 a prime number?
True
Is 10289 a prime number?
True
Is 50389 a prime number?
False
Is 46747 composite?
False
Is 84613 prime?
False
Is 3709 a composite number?
False
Is 54721 composite?
False
Is 37405 a prime number?
False
Is 64054 composite?
True
Is 54557 a prime number?
False
Is 527603 prime?
True
Is 73517 a prime number?
True
Is 148481 prime?
False
Is 715997 a composite number?
True
Is 4063 prime?
False
Is 6639 prime?
False
Is 2389 composite?
False
Is 37691 a prime number?
True
Is 3199 composite?
True
Is 36187 a prime number?
True
Is 562 a composite number?
True
Is 13117 composite?
True
Is 2158679 a composite number?
False
Is 162249 a composite number?
True
Is 119165 a composite number?
True
Is 4110551 prime?
False
Is 1917503 a composite number?
True
Is 13829 prime?
True
Is 6161 prime?
False
Is 22229 a prime number?
True
Is 35963 prime?
True
Is 209215 prime?
False
Is 11101 a composite number?
True
Is 3329 composite?
False
Is 3949 composite?
True
Is 46807 prime?
True
Is 16489 prime?
False
Is 14699 prime?
True
Is 253 a prime number?
False
Is 243073 prime?
True
Is 10487 prime?
True
Is 18317 a composite number?
True
Is 61573 a composite number?
True
Is 42061 composite?
False
Is 40882 prime?
False
Is 435637 composite?
False
Is 6387 a composite number?
True
Is 3293 a prime number?
False
Is 12813 a composite number?
True
Is 69289 a composite number?
True
Is 48715 prime?
False
Is 13367 a composite number?
False
Is 11213 a prime number?
True
Is 1089281 a prime number?
False
Is 100907 prime?
True
Is 65053 a composite number?
False
Is 344139 a prime number?
False
Is 1469 a composite number?
True
Is 8083 a composite number?
True
Is 53323 a prime number?
True
Is 12133 a prime number?
False
Is 79907 a prime number?
True
Is 82631 a composite number?
True
Is 1141219 composite?
False
Is 437351 composite?
False
Is 525127 composite?
Fa